t p(d) = -538*d + 2523. What are the prime factors of p(-17)?
7, 1667
Suppose -14251 = 2*y + 3*z - 81323, -z - 100608 = -3*y. What are the prime factors of y?
2, 131
Let r(s) = s**3 + 8*s**2 + 21*s + 27. Let k be r(-10). Let l = k + 828. What are the prime factors of l?
5, 89
Suppose -137*z = -127*z - 49790. What are the prime factors of z/9 + 8/(-36)?
7, 79
Let m(v) = 343*v**2 - 50*v - 69. What are the prime factors of m(-8)?
22283
Let r = -1223 + 2187. Let u = -576 + r. List the prime factors of u.
2, 97
Suppose -2*z = -3*t + 52717, -2*t + 3*z + 33198 = -1945. What are the prime factors of t?
17573
Let s be (20/3)/((-120)/(-180)). Suppose 0 = s*q - 6045 - 875. List the prime factors of q.
2, 173
Let p(k) = -2*k**3 + 7*k**2 + 13*k + 699. What are the prime factors of p(-22)?
25097
Let r(m) = 9*m**3 - 8*m**2 + 10*m - 4. Let u be r(5). Let h = u + -388. List the prime factors of h.
11, 53
Suppose 0 = 1166*k - 1197*k + 366482. List the prime factors of k.
2, 23, 257
Suppose -2181 = -4*z + 1243. Suppose -z - 560 = -2*u. List the prime factors of u.
2, 3, 59
Let o(q) be the second derivative of q**5/20 - 29*q**4/12 + 13*q**3/3 + 69*q**2/2 + 3*q + 6. What are the prime factors of o(28)?
13
Let z = 10853 + -4421. List the prime factors of z.
2, 3, 67
Let f = -1547 + 10293. What are the prime factors of f?
2, 4373
Let i be (1015/10)/(5/10). Suppose 4*t + d = 1433, 3*d - i = -3*t + 883. What are the prime factors of t?
3, 7, 17
Let i = 130 - 142. What are the prime factors of i/30*(-4 - 606)?
2, 61
Let b(m) = -m + 10. Let f be b(12). What are the prime factors of (-3 - f) + (-5292)/(-9)?
587
Let f = -4 + 2. Let r(k) = 109*k**2 + 5*k + 18. What are the prime factors of r(f)?
2, 3, 37
Suppose 42*b - 7*b = 210. Suppose b*i = 4*i + 5*y + 718, 3*y - 1857 = -5*i. What are the prime factors of i?
3, 41
Suppose 5*k - 9*a = 200104, -2*k - 5*a + 6*a = -80039. List the prime factors of k.
7, 5717
Let m(g) = 1487*g**2 - 9*g + 42. Let c be m(6). Suppose 5*a + 43*a - c = 0. List the prime factors of a.
5, 223
Let x(b) = 14*b + 362. Let l be x(-25). Let r(q) = 4*q**2 - 30*q + 51. List the prime factors of r(l).
3, 89
Suppose -4*t + 4*w - 3*w - 18 = 0, -5*w - 10 = 5*t. Let m be (t/(-12))/(4/1284). Let q = m - -43. List the prime factors of q.
2, 3, 5
Suppose -x = -15*x + 47250. Suppose -450 = 9*l - x. List the prime factors of l.
5, 13
Suppose -m - 1344 = -3*v, 2*m = -5*v + 5*m + 2240. Let y = 2331 - v. What are the prime factors of y?
7, 269
Let d be 1/2*(-3 - -1) + -14. Let t be (-455)/d*-1*-3. Suppose 3*f = 173 + t. What are the prime factors of f?
2, 11
Suppose 12*z - 3*z - 11404 = 131381. What are the prime factors of z?
5, 19, 167
Suppose -117876 + 1202250 = 18*h. What are the prime factors of h?
3, 43, 467
What are the prime factors of 9*26/(-1404)*-450654?
75109
Let s(f) = -f - 9. Let p be s(-11). Let u(i) = 19*i - 31. What are the prime factors of u(p)?
7
Let a(r) = r**3 - 11*r**2 - 15*r + 24. Let x be a(12). Let v = 51 - x. What are the prime factors of v?
3, 7
Let h(l) = -161*l. Let o be h(-2). Let w = -242 + o. List the prime factors of w.
2, 5
Suppose 3*c = -z - 10 - 16, -5*c - 4*z - 55 = 0. Let l(s) = 4*s - 17. Let q(i) = -1. Let w(x) = -2*l(x) + 22*q(x). What are the prime factors of w(c)?
2, 17
Let l(v) = 3*v**2 + 7*v - 94. Let p be ((-162)/(-45))/(3/10). What are the prime factors of l(p)?
2, 211
Suppose -2*c + 5*y = -26, -3*c + 5 = -5*y - 24. Suppose -3*x - c*x + 1566 = 0. List the prime factors of x.
3, 29
Suppose 0 = -350*f + 8204933 + 944067. List the prime factors of f.
2, 5, 1307
Suppose -68*f = -70*f + 10, 0 = -2*d + 3*f + 19825. List the prime factors of d.
2, 5, 31
Suppose -38*k + k + 390741 = 6*k. List the prime factors of k.
3, 13, 233
Let d be (-230)/(-69) + 4/(-12). Suppose 4*a - 112 = d*a - 4*r, -2*r + 542 = 5*a. What are the prime factors of a?
2, 3
Suppose 0 = 11*h - 2103 + 200. Suppose 0 = 5*p + 4*j - 2054, -h = 2*p - 3*j - 990. What are the prime factors of p?
2, 5, 41
Suppose -2*z - 5589 = -4*w + 55849, -4*z - 15349 = -w. List the prime factors of w.
15361
Suppose 0 = 46*n - 47*n + 812. Suppose 2*z = 132 + n. What are the prime factors of z?
2, 59
Suppose 61*w - 64*w + 5*i + 22717 = 0, 2*w + 2*i = 15118. List the prime factors of w.
2, 31, 61
Let a be (-16)/(-6)*4/32*30. List the prime factors of a*((-108)/(-8) + 5).
5, 37
Let b(n) = n**2 + 5*n - 26. Suppose -g - 3*w = -10, 0 = -5*g - 4*w - 1 - 4. Let a be (-5)/((-25)/26) - 4/g. What are the prime factors of b(a)?
2, 5
Suppose -4*i = -j - 25706, 3*i + 336*j - 19273 = 340*j. What are the prime factors of i?
6427
Suppose -l - 215 + 68 = 0. List the prime factors of (-10 + 3 + 2)*l.
3, 5, 7
Suppose -16*u + 149200 = 9*u. What are the prime factors of u?
2, 373
Let w = 1937 + -1533. List the prime factors of w.
2, 101
Suppose 5*m = -34 + 54. Suppose 0 + 20 = m*a. Suppose -3*j + y + 126 = -271, -2*y + 658 = a*j. What are the prime factors of j?
2, 3, 11
Let v = -143 + 143. Suppose v = -14*p - 21 + 77. Suppose -5*q + 393 = -4*c, p*c + 0*c + 312 = 4*q. What are the prime factors of q?
3
Suppose 120*k = -275*k + 9357945. List the prime factors of k.
3, 53, 149
Suppose 3*s - 28489 = -13*p + 14*p, -3*p - 37987 = -4*s. List the prime factors of s.
2, 1187
What are the prime factors of 6667 + (175 - 4)/(-9)?
2, 3, 277
Let h(n) = -3*n**2 + 3*n + 254. Let o(v) = -4*v**2 + 4*v + 254. Let a(c) = 5*h(c) - 4*o(c). What are the prime factors of a(0)?
2, 127
Let l(u) = 149*u + 109*u + 14 + 196*u. List the prime factors of l(1).
2, 3, 13
Let v = 6084 - -1914. What are the prime factors of v?
2, 3, 31, 43
Let o be 111/259 - 32/(-7). Let f(b) = 4*b**3 + 13*b**2 - 15. List the prime factors of f(o).
2, 3, 5
Suppose 5*l - 3*g - 4 = -5*g, 6 = 9*l + 3*g. Let q = 1 + 2. Suppose -5*t + 59 + 156 = 4*d, -q*t + d + 112 = l. List the prime factors of t.
3, 13
Let a(i) = 2*i**2 - 8*i - 9. Suppose -5*m + 161 = 2*u, -3*u + 252 = 2*m - 17. Suppose u = -11*y + 27. What are the prime factors of a(y)?
3, 37
Let d(p) = -5*p**3 + p - 4 + 0 + 0*p + 5. Let t be d(-1). Suppose -3*b = t*h - 48, 2*h + 3*b - b = 20. What are the prime factors of h?
3
Suppose 0 = -20*v + 12*v - 4120. Let q = v + 878. List the prime factors of q.
3, 11
Let d = 55809 + -21519. What are the prime factors of d?
2, 3, 5, 127
Let t = 1814 + -3081. What are the prime factors of ((-12)/(-21))/(((-6)/t)/3)?
2, 181
Let z(c) = 9*c**2 - 12 + 13*c - 23*c + 11*c. Let r be z(6). Let d = 551 - r. What are the prime factors of d?
233
Let a(n) = -319*n**2 - 9*n - 12. Let y(p) = -p - 2. Let l(z) = -a(z) + 3*y(z). List the prime factors of l(-1).
11, 29
Let z(j) be the second derivative of 6*j**5/5 + j**4/12 + 2*j**3/3 - j**2/2 - 21*j. Let m be z(-3). List the prime factors of m/(-14) + 39/91.
47
Let j(f) = 2*f**3 - 12*f**2 + 15*f + 13. Suppose -5*p = 2*p - 14. Suppose 2*o - 2*s - 6 = 0, -4*o + p*o - s + 18 = 0. What are the prime factors of j(o)?
2, 3
Suppose -23*u + 27*u = -2*o + 90684, -3*o = 12. What are the prime factors of u?
7, 41, 79
Let q(s) = -16*s**3 - 2*s**2 - 3*s - 2. Let c be q(-1). Let r(n) = 10*n + c*n + 5 - 35. What are the prime factors of r(8)?
2, 5, 17
Let y = 1050 - -23241. What are the prime factors of y?
3, 2699
List the prime factors of 389/3*((-14)/91 + (-743)/(-13)).
19, 389
Let b(x) = 11*x - 6. Let l be b(2). Let a be 429/(-4) + (-5 - (-84)/l). Let i = -49 - a. What are the prime factors of i?
2, 29
Let b(d) = -d**3 + 24*d**2 - 21*d + 51. Let u be b(23). Suppose -u*v + 2847 = -94*v. List the prime factors of v.
13, 73
Suppose a = -10*a + 22. List the prime factors of (-1 - 4) + 271/1 + a.
2, 67
Suppose -9*h = 1340 + 163. Let u = h - -63. Let m = -40 - u. List the prime factors of m.
2
Suppose 14 = -2*v + 4*v. Suppose 5*w + 20 = 0, 2 = 5*r + 4*w - v. Suppose 2*m - 5*y - 337 = -4*y, -4*y + 849 = r*m. List the prime factors of m.
13
Let v be 2 - 1 - 4 - (-40)/8. List the prime factors of (232/174)/(v/663).
2, 13, 17
Let h(b) = -b**3 + 10*b**2 + b - 3. Let r be (-68)/(-8) + 1 - 2/(-4). Let t be h(r). List the prime factors of (-35)/t*(-66)/15.
2, 11
What are the prime factors of 45 - 41 - -24*1799?
2, 5, 17, 127
What are the prime factors of 25/(175/14) + 5212?
2, 3, 11, 79
Suppose 33*h + 24*h = 20*h + 382210. What are the prime factors of